erivative of -1/20*i**5 - 16*i + 0 - 1/3*i**3 + 1/2*i**4 - i**2. Determine k(3).
19
Let x be 2*(-2)/(-8)*0. Let z(c) = -c + 5. Let m(n) = n**2 - 7*n + 1. Let i be m(7). Let h(g) = -1. Let j(s) = i*z(s) + 6*h(s). Give j(x).
-1
Let a(r) = -r + 6. Let b be (-4)/10 - (-153)/45. Suppose 0 = 5*y + 5*l - 5, 5*l - 6*l = -b*y - 1. Give a(y).
6
Let d(u) be the second derivative of u**4/12 + 7*u**3/6 - 11*u**2/2 + 60*u. Determine d(-8).
-3
Let i(f) be the first derivative of -3*f**3 + f - 1. Let z(l) = -455*l + 2729. Let g be z(6). What is i(g)?
-8
Let r(q) be the second derivative of 5/12*q**4 + 1/20*q**5 + 0 + q**2 - q**3 + 16*q. Give r(-6).
2
Let c = 19 + -12. Let j(m) = 5*m**2 - 10*m - 2. Let o(s) = -7*s**2 + 12*s + 1. Let b(p) = -3*j(p) - 2*o(p). Determine b(c).
-3
Let s(y) = 4*y**2 + 7*y + 1. Let q(f) = -5*f**2 - 9*f - 2. Let o(i) = -3*q(i) - 4*s(i). Determine o(0).
2
Let h(k) = -k - 2*k - 8 - 7*k**2 + 2*k**2. Let s(p) = -3*p**2 - 2*p - 5. Let b(t) = 5*h(t) - 8*s(t). Determine b(3).
-6
Let c(n) = -4*n**3 + 6*n**2 - 4*n - 12. Let k(s) = 5*s**3 - 6*s**2 + 4*s + 14. Let w(z) = -4*c(z) - 3*k(z). Determine w(5).
1
Let h = -14 - -22. Let s(b) be the third derivative of b**4/12 - 4*b**3/3 + 5*b**2. Give s(h).
8
Let i be 6*(2 - (-1 - -2)). Let m(w) = -4*w + i*w**2 + 4 + w**3 + 7*w - w**2. Let x(z) = -z**2 - 24*z - 4. Let g be x(-24). Determine m(g).
8
Let c(x) = 8*x**2 - 14*x + 11. Let z(h) = -7*h**2 + 13*h - 10. Let i(t) = 6*c(t) + 7*z(t). What is i(6)?
2
Let o be (-60)/(-90) + 4*(-2)/(-6). Suppose -o*i = -5*z - 24, 0 = z - 3*i + i. Let x(t) = -t**2 - 5*t + 5. Give x(z).
-1
Let h(b) be the first derivative of 11*b**4/4 + b - 169. Determine h(-1).
-10
Let w = 127 - 43. Let m = 88 - w. Let b(t) = 4*t - 5. What is b(m)?
11
Let p = -5 + 9. Suppose 0*d - p*d = -20. Let s(f) = -12 + 4*f + 2*f - 4*f + d. What is s(6)?
5
Let y(r) be the second derivative of -r**4/12 + r**2 - 588*r + 1. Let p be (-1)/(1/(1*-2)). Let k be 12/(p - -1)*1. What is y(k)?
-14
Let s(d) = 7*d**3 - 16*d**2 + 10*d + 4. Let w(m) = -17*m**3 + 33*m**2 - 19*m - 9. Let q(p) = -5*s(p) - 2*w(p). What is q(13)?
11
Let z(r) = r**2 - 13 - 4*r + 7 + 12. Suppose 133*b + 4 = 134*b. Determine z(b).
6
Let q(i) = -i**2 - 8*i - 6. Suppose 0 = 2*k - 3*k + 1. Let u = -9 + k. Let c be 3/(-12) + 38/u. Give q(c).
9
Let b(a) be the first derivative of -a**3/3 - 2*a**2 - a - 118. Let t = -4 - -1. Determine b(t).
2
Let o(p) be the second derivative of p**5/10 - p**4/3 + p**3/2 - p**2 + p. Suppose -14*n - 46 = -37*n. Give o(n).
4
Let b(w) = -w - 2. Let z be b(-7). Suppose 12 = -z*s + s. Let c = s + 5. Let u(x) = -3*x. Determine u(c).
-6
Let a(z) = -z**2 + 7*z - 1. Suppose -6*w = 17 - 41. What is a(w)?
11
Let x(b) = -b**3 - 11*b**2 + 12*b. Let c(f) = f**3 + 10*f**2 - 11*f - 1. Let k(d) = -6*c(d) - 5*x(d). Let h be 1/(-1)*(-6)/(-1). Calculate k(h).
6
Suppose 5*z - 8 = r, -13*r - 3*z = -8*r + 12. Suppose 0 = 5*j - 2*i - 249, 5*j = 4*j - 5*i + 39. Let o be j/8 + r/24. Let y(t) = -t**2 + 7*t - 9. Give y(o).
-3
Suppose -2*f + 3*f + 2 = 0. Let m(h) = 2*h + 1 + 337*h**2 - 666*h**2 + 330*h**2. Determine m(f).
1
Let g(q) = -q**2 + 9*q - 8. Let a be g(8). Let x(r) be the first derivative of -1/3*r**3 - 1/2*r**2 - 1 + 11*r. Give x(a).
11
Let f = 6 + -2. Let x = -165 + 170. Let c(m) = -m**2 - x - 160*m + 86*m + 79*m. Determine c(f).
-1
Let p(x) be the third derivative of x**6/120 + x**5/20 - 3*x**4/8 - 5*x**3/2 - 10*x**2 + 7*x. Calculate p(-4).
5
Let y(h) = -5*h**2 + h. Let m be 3 - 1*(8 + -3). Let x be ((1 - -2) + m)*-1. Let v be y(x). Let u(c) = c**2 + 5*c - 2. Give u(v).
4
Suppose -10 = -2*w - 0*w. Let u(n) = 5 - 35*n + 36*n - w. Determine u(4).
4
Let s(a) be the first derivative of -2*a**2 + a - 12. Let q(o) = o. Let h(w) = -7*q(w) - 2*s(w). What is h(-6)?
-8
Let l(y) = -y + 16 + 3*y - 19 - y. Let o = -14 + 10. Calculate l(o).
-7
Let w(c) be the second derivative of -c**6/360 - c**5/60 + c**4/8 - 10*c**3/3 - 19*c. Let x(q) be the second derivative of w(q). Determine x(-4).
-5
Suppose 47 = o + 4*b, -o - 2*o + 3*b + 66 = 0. Let t = o - 21. Let z(v) = v**2 - 7*v + 1. Give z(t).
-5
Let v(h) = -h - 12. Let q be 711/5 + -1 + 2/(-10). Let b = q - 150. Give v(b).
-3
Let g(i) be the first derivative of i**4/24 - i**3/2 + 9*i**2 + 8. Let h(j) be the second derivative of g(j). Give h(0).
-3
Suppose 0 = -n + 2, 0 = -3*h - n + 124 - 116. Let d(p) be the first derivative of 1/3*p**3 - 3*p - 5/2*p**h - 11. Determine d(3).
-9
Let s be 2/6 + (-24)/18. Let x(m) be the third derivative of -5*m**4/12 + m**3/6 + 2*m**2 + 3*m. What is x(s)?
11
Let f(z) = z**2 - 3*z - 10. Let v = -717 - -710. Determine f(v).
60
Let c(m) = 2*m**3 + m**2 - 1. Let p = 3 - 2. Let l(g) = -g**3 - g**2 - 1. Let n(k) = p*l(k) + c(k). Suppose 65*z + 60 + 70 = 0. Give n(z).
-10
Let w(q) = q**2 + q + 11. Let k(p) = 1. Let l(x) = -2*k(x) + w(x). Calculate l(0).
9
Let l(i) = -2*i - 2. Let t(m) = -3*m - 2. Let j(r) = 4*l(r) - 3*t(r). Suppose 0 = 21*u - 17*u. Suppose u = -2*d + 3*d. Calculate j(d).
-2
Let d(i) = 2*i**3 + 11*i**2 - i + 27. Let k be d(-6). Let g(l) = 2*l**2 + 1 - 3*l**2 + 3 - 2. Determine g(k).
-7
Let x(f) = f + 13. Let s be x(-9). Let r(l) = -s*l + l + 5*l + 0*l. Give r(-7).
-14
Let z(w) = w + 1. Suppose -4*p + 15 = -i, 5*i - 4*p + 3*p - 20 = 0. Let d be -1 - 2*i/(-10). Calculate z(d).
1
Suppose -10 = -5*k - 0*k. Suppose -1 = k*n - 13. Let w(a) = a - 1. Determine w(n).
5
Let f(n) = -2*n**2 - 2. Let w be ((-9)/2 + 2)*-2. Let c = -24 + 27. Suppose -c*p + w*p + 4 = 0. Determine f(p).
-10
Let y(o) = o**3 + 9*o**2 - 11*o + 1. Let i be -8 + -8 - 18/(-2 + -1). What is y(i)?
11
Let z(l) = l**3 - 4*l**2 + 2*l - 4. Let n(v) = -2*v - 5. Let u be n(-4). Suppose 7*s = -u*s + 30. Calculate z(s).
-7
Let v = 723 + -718. Let r(u) = -2*u + 7. Determine r(v).
-3
Let g(l) = -13*l - 16*l - 78 + 79 + 25*l. Give g(2).
-7
Let h(b) be the first derivative of 2*b**3/3 + b**2/2 - 34*b - 391. Give h(0).
-34
Let n(m) = 21*m + 16*m - 36*m. Let w(o) = 3*o - 6. Let a(j) = -6*n(j) + w(j). Calculate a(-4).
6
Let n(a) = -2*a - 6. Let z be (6/(-12))/(1/2)*1. Let c be (1*z)/((-5)/(-5 - 15)). Give n(c).
2
Let m(x) = -x - 3. Let n(w) = w + 5. Let g(q) = 5*m(q) + 3*n(q). Let a be ((16/3)/4)/(12/(-18)). What is g(a)?
4
Let t(n) be the second derivative of n**5/20 - n**4/2 + n**3/6 - n**2/2 - 15*n. Give t(6).
5
Let w = 2 - -1. Let j(o) be the first derivative of -1/3*o**3 + 7/2*o**2 - 2*o + 21. Give j(w).
10
Let i(l) = -3*l**2 + 17*l + 12. Let a(q) = -2*q**2 + 9*q + 6. Let o(g) = -5*a(g) + 3*i(g). Suppose -2*z = -3*x - 18 + 2, -5 = 5*z. Calculate o(x).
6
Let q(z) be the first derivative of z**4/4 + 5*z**3/3 + z**2 - 2*z - 2. Let s = -370 - -366. Determine q(s).
6
Let a be -5*(2 - (-28)/(-10)). Suppose -a*w - 5 = -3*c - 28, -4*w + 5*c = -33. Let t(k) = -k**3 + 2*k + 1. Calculate t(w).
-3
Let k(w) = -w**2 + 10*w + 23. Suppose 71*y = 85*y - 154. Calculate k(y).
12
Let f(r) be the first derivative of r**6/120 + r**5/30 - r**3/3 - 3*r**2 + 10. Let t(o) be the second derivative of f(o). Give t(-3).
-11
Suppose -7*o = -21 - 0. Let s(k) be the first derivative of k**4/4 - k**3 - k**2/2 - 3*k - 133. Determine s(o).
-6
Let s(r) be the first derivative of r**3/3 + r**2 + r + 2110. Suppose 2*u + 1 + 1 = 0. Determine s(u).
0
Let c(d) be the third derivative of d**5/60 + d**4/2 + 10*d**3/3 - 4*d**2 - 6. Calculate c(-10).
0
Let j(u) = 0*u - 4*u + 0 - 2*u - 3 + 10. Give j(-5).
37
Let y(r) = -r**3 - 7*r**2 + 9*r + 2. Let w = 106 + -114. What is y(w)?
-6
Let c(f) = -6*f - 8 + 14 - 7 - 6. Calculate c(-6).
29
Let g(w) = 14*w**2 - w. Let r(z) = -z**2 - 8*z - 2. Let b be r(-6). Suppose 2 = 3*l - b. Suppose l = 4*y + 8. Give g(y).
15
Suppose 0 = 38*f + 26*f - 128. Let j(h) = h**3 - 2*h**2. Calculate j(f).
0
Let q(f) = -f**3 - 11*f**2 + 15*f - 6. Let y(b) = -2*b**3 - 23*b**2 + 31*b - 12. Let m(p) = -7*q(p) + 3*y(p). Determine m(-9).
33
Let r(k) be the second derivative of k**3/6 + 9*k**2 - 19*k. Let l be r(-15). Let v(s) = -s**2 + s + 2. Calculate v(l).
-4
Suppose -6*q + 14 + 4 = 0. Let p(l) = -4*l - 5 + q + 0. What is p(-2)?
6
Let w(d) = d**2 - 24*d - 15. Let v(z) = z**2 - 26*z + 169. Let u be v(18). Calculate w(u).
10
Let q be -3 - (100/5)/(-4). Suppose 3*o = -9, -6*o + q*o = -4*v + 12. Let n(u) = u**3 + u**2 + u - 5. De